?
True
Is 1260124 a multiple of 23?
True
Does 11 divide 317268?
False
Is 5 a factor of 137945?
True
Does 5 divide 166435?
True
Is 504180 a multiple of 30?
True
Is 144 a factor of 737196?
False
Does 121 divide 513201?
False
Is 3 a factor of 2053?
False
Is 278205 a multiple of 27?
False
Is 6611557 a multiple of 922?
False
Does 9 divide 133376?
False
Is 22 a factor of 23144?
True
Is 36781 a multiple of 6?
False
Is 1781876 a multiple of 4?
True
Is 32 a factor of 28436?
False
Is 188 a factor of 147060?
False
Is 632580 a multiple of 130?
True
Does 68 divide 7159531?
False
Is 71168 a multiple of 4?
True
Does 446 divide 12675766?
True
Is 5 a factor of 240355?
True
Is 15 a factor of 631830?
True
Is 944849 a multiple of 193?
False
Is 94145 a multiple of 95?
True
Is 153 a factor of 37821?
False
Is 5866416 a multiple of 1265?
False
Does 12 divide 1523196?
True
Is 461139 a multiple of 74?
False
Is 3230344 a multiple of 349?
True
Is 24 a factor of 108360?
True
Does 90 divide 89100?
True
Is 26 a factor of 14116044?
False
Is 10 a factor of 61581?
False
Does 43 divide 119970?
True
Does 94 divide 3810871?
False
Is 41 a factor of 510343?
False
Does 39 divide 237939?
True
Is 17 a factor of 69717?
True
Does 318 divide 7042746?
True
Does 18 divide 69672?
False
Is 102 a factor of 22360134?
True
Is 4544973 a multiple of 113?
True
Is 13486480 a multiple of 21?
False
Is 15 a factor of 61755?
True
Is 23025 a multiple of 8?
False
Does 17 divide 3692707?
False
Does 30 divide 922890?
True
Is 21 a factor of 2354165?
False
Is 26836 a multiple of 14?
False
Is 4 a factor of 17144?
True
Is 365456 a multiple of 182?
True
Is 77 a factor of 5891809?
True
Is 1431451 a multiple of 161?
True
Does 122 divide 28474?
False
Is 22 a factor of 35970?
True
Does 16 divide 237834?
False
Does 7 divide 677642?
True
Is 68 a factor of 6651828?
True
Does 55 divide 5833245?
True
Does 3 divide 676960?
False
Is 245778 a multiple of 6?
True
Is 620625 a multiple of 15?
True
Is 716 a factor of 579960?
True
Is 101 a factor of 1717?
True
Does 112 divide 460544?
True
Is 151305 a multiple of 21?
True
Does 40 divide 127920?
True
Is 99751 even?
False
Does 16 divide 892858?
False
Is 31977 a multiple of 19?
True
Does 29 divide 2653993?
True
Is 63215 a multiple of 141?
False
Is 2254 a factor of 10936191?
False
Is 342812 a multiple of 152?
False
Does 12 divide 1410380?
False
Is 448419 a multiple of 257?
False
Is 1461319 a multiple of 4?
False
Is 494725 a multiple of 257?
True
Is 25 a factor of 2349300?
True
Is 490113 a multiple of 309?
False
Is 27 a factor of 614871?
True
Is 36 a factor of 9227?
False
Is 28720 a multiple of 5?
True
Is 361829 a multiple of 265?
False
Is 1979929 a multiple of 492?
False
Is 6955633 a multiple of 205?
False
Is 19 a factor of 4948531?
True
Is 308688 a multiple of 236?
True
Is 286 a factor of 288860?
True
Does 844 divide 923474?
False
Does 10 divide 2190076?
False
Does 7 divide 76710?
False
Is 1374494 a multiple of 11?
True
Is 849 a factor of 986461?
False
Does 19 divide 71236?
False
Is 1492907 a multiple of 697?
False
Does 748 divide 1675520?
True
Is 2600713 a multiple of 15?
False
Does 277 divide 2243700?
True
Is 313287 a multiple of 377?
True
Is 4506066 a multiple of 9?
True
Is 535 a factor of 7752461?
False
Is 1877 a factor of 7867495?
False
Does 293 divide 2934688?
True
Is 1138416 a multiple of 1923?
True
Is 5 a factor of 4339565?
True
Does 7 divide 1671957?
True
Does 48 divide 2164848?
True
Does 358 divide 1080548?
False
Does 170 divide 39270?
True
Is 484 a factor of 215044?
False
Is 217 a factor of 396832?
False
Is 145131 a multiple of 33?
False
Does 50 divide 323855?
False
Is 30 a factor of 1399050?
True
Does 33 divide 25344?
True
Is 43 a factor of 206776?
False
Is 242 a factor of 8547?
False
Is 43 a factor of 1374667?
True
Is 126 a factor of 1828472?
False
Is 64124 a multiple of 70?
False
Is 657 a factor of 1253510?
False
Is 94 a factor of 1182802?
True
Is 16356285 a multiple of 191?
True
Does 132 divide 2057776?
False
Is 376 a factor of 59048?
False
Is 57016 a multiple of 38?
False
Is 348677 a multiple of 141?
False
Does 17 divide 363953?
True
Is 578 a factor of 4035580?
False
Is 761896 a multiple of 68?
False
Does 11 divide 16103?
False
Is 8822 a multiple of 36?
False
Is 32 a factor of 1856884?
False
Is 61 a factor of 4730915?
False
Is 3021643 a multiple of 384?
False
Does 228 divide 1910277?
False
Is 32 a factor of 46752?
True
Does 32 divide 156221?
False
Is 11094 a multiple of 246?
False
Is 5 a factor of 2611659?
False
Is 96081 a multiple of 7?
False
Does 6 divide 653430?
True
Does 9 divide 20870523?
True
Is 62328 a multiple of 318?
True
Is 111 a factor of 434343?
True
Is 20812903 a multiple of 124?
False
Does 298 divide 202285?
False
Is 84819 even?
False
Does 347 divide 9545516?
False
Is 39 a factor of 7652749?
False
Does 7 divide 130146?
False
Is 15894890 a multiple of 22?
True
Does 148 divide 10323747?
False
Does 11 divide 22825?
True
Is 535 a factor of 392155?
True
Is 17 a factor of 25104?
False
Is 240955 a multiple of 65?
True
Is 458577 a multiple of 6?
False
Is 1476350 a multiple of 50?
True
Is 3 a factor of 184143?
True
Is 1115 a factor of 2718370?
True
Does 205 divide 3566430?
False
Does 6 divide 5562510?
True
Is 791 a factor of 239673?
True
Is 3221695 a multiple of 19?
False
Is 4516669 a multiple of 185?
False
Is 416 a factor of 373568?
True
Does 19 divide 197163?
True
Is 6733253 a multiple of 6?
False
Is 392648 a multiple of 8?
True
Is 7 a factor of 42730?
False
Does 41 divide 849192?
True
Is 231510 a multiple of 30?
True
Does 17 divide 89607?
True
Is 208722 a multiple of 129?
True
Is 1000 a multiple of 5?
True
Is 9 a factor of 257356?
False
Is 62256 a multiple of 55?
False
Is 44874 a multiple of 81?
True
Is 192 a factor of 23941440?
True
Is 7 a factor of 411572?
True
Is 1198920 a multiple of 12?
True
Does 32 divide 3710134?
False
Is 557667 a multiple of 7?
False
Does 20 divide 86820?
True
Is 177 a factor of 175053?
True
Is 98 a factor of 1072806?
True
Is 9 a factor of 699336?
True
Is 2793230 a multiple of 1366?
False
Does 16 divide 904672?
True
Is 14881 a multiple of 5?
False
Is 16 a factor of 44954?
False
Does 124 divide 594874?
False
Is 6839616 a multiple of 1454?
True
Is 441709 a multiple of 59?
False
Is 69 a factor of 158892?
False
Is 15 a factor of 1144650?
True
Is 190 a factor of 854335?
False
Does 7 divide 1002603?
True
Is 139 a factor of 1088304?
False
Does 918 divide 1540404?
True
Is 3 a factor of 3252?
True
Does 14 divide 378784?
True
Is 962290 a multiple of 56?
False
Is 53 a factor of 1077162?
False
Is 270 a factor of 223025?
False
Does 169 divide 163429?
False
Does 130 divide 212160?
True
Is 45 a factor of 574020?
True
Is 75420 a multiple of 20?
True
Is 13 a factor of 667156?
False
Is 166213 a multiple of 397?
False
Is 158106 a multiple of 44?
False
Is 193149 a multiple of 27?
False
Does 293 divide 266630?
True
Is 84218 a multiple of 93?
False
Is 958520 a multiple of 155?
True
Is 43953 a multiple of 21?
True
Is 6 a factor of 142279?
False
Is 12562243 a multiple of 6?
False
Is 66 a factor of 1273760?
False
Is 16 a factor of 24965?
False
Is 5 a factor of 39225?
True
Is 528880 a multiple of 22?
True
Is 57 a factor of 82593?
True
Does 12 divide 625024?
False
Is 896550 a multiple of 43?
True
Is 317652 a multiple of 771?
True
Is 2935062 a multiple of 117?
True
Does 27 divide 11827?
False
Is 212680 a multiple of 20?
True
Is 11488 a multiple of 67?
False
Is 365844 a multiple of 6?
True
Does 5 divide 3670?
True
Is 280 a factor of 1768390?
False
Is 193500 a multiple of 10?
True
Does 47 divide 2134223?
True
Is 8998458 a multiple of 254?
True
Is 133425 a multiple of 22?
False
Is 1314370 a multiple of 41?
False
Is 225 a factor of 5738175?
True
Is 18 a factor of 377413?
False
Is 1876275 a multiple of 775?
True
Is 9 a factor of 1842622?
False
Is 782655 a multiple of 2?
False
Does 430 divide 131580?
True
Is 158363 a multiple of 365?
False
Is 101 a factor of 5344513?
False
Does 8 divide 534208?
True
Does 21 divide 7564872?
True
Does 48 divide 97440?
True
Does 24 divide 476976?
True
Does 713 divide 3509879?
False
Is 13230700 a multiple of 70?
True
Does 9 divide 11466362?
False
Does 248 divide 393576?
True
Does 80 divide 3099200?
True
Does 12 divide 19452?
True
Is